{"id":284,"date":"2025-10-14T20:45:52","date_gmt":"2025-10-14T20:45:52","guid":{"rendered":"https:\/\/fondazioneitaliamessico.org\/?page_id=284"},"modified":"2026-08-06T07:45:21","modified_gmt":"2026-08-06T07:45:21","slug":"gobernanza-y-liderazgo","status":"publish","type":"page","link":"https:\/\/fondazioneitaliamessico.org\/it\/gobernanza-y-liderazgo\/","title":{"rendered":"Governance e leadership"},"content":{"rendered":"<div data-elementor-type=\"wp-page\" data-elementor-id=\"284\" class=\"elementor elementor-284\" data-elementor-post-type=\"page\">\n\t\t\t\t<div class=\"elementor-element elementor-element-cfecb3c e-flex e-con-boxed e-con e-parent\" data-id=\"cfecb3c\" data-element_type=\"container\" data-e-type=\"container\">\n\t\t\t\t\t<div class=\"e-con-inner\">\n\t\t<div class=\"elementor-element elementor-element-1f7e7c7 e-con-full e-flex e-con e-child\" data-id=\"1f7e7c7\" data-element_type=\"container\" data-e-type=\"container\">\n\t\t\t\t<div class=\"elementor-element elementor-element-831410a elementor-widget elementor-widget-heading\" data-id=\"831410a\" data-element_type=\"widget\" data-e-type=\"widget\" data-widget_type=\"heading.default\">\n\t\t\t\t\t<h2 class=\"elementor-heading-title elementor-size-default\">Governance e leadership<\/h2>\t\t\t\t<\/div>\n\t\t\t\t<div class=\"elementor-element elementor-element-db9c088 elementor-widget elementor-widget-text-editor\" data-id=\"db9c088\" data-element_type=\"widget\" data-e-type=\"widget\" data-widget_type=\"text-editor.default\">\n\t\t\t\t\t\t\t\t\t<p>MEXITALIA dispone di un Consiglio di Amministrazione composto da professionisti di alto livello con esperienza internazionale in Diritto, affari, comunicazione, cultura e relazioni istituzionali. La loro esperienza garantisce una solida direzione strategica e una rete di contatti di grande valore per ogni progetto.<\/p>\t\t\t\t\t\t\t\t<\/div>\n\t\t\t\t<div class=\"elementor-element elementor-element-eef1ac7 elementor-widget elementor-widget-heading\" data-id=\"eef1ac7\" data-element_type=\"widget\" data-e-type=\"widget\" data-widget_type=\"heading.default\">\n\t\t\t\t\t<h2 class=\"elementor-heading-title elementor-size-default\">Il nostro Consiglio di Amministrazione<\/h2>\t\t\t\t<\/div>\n\t\t\t\t<div class=\"elementor-element elementor-element-4dbab7b elementor-widget elementor-widget-text-editor\" data-id=\"4dbab7b\" data-element_type=\"widget\" data-e-type=\"widget\" data-widget_type=\"text-editor.default\">\n\t\t\t\t\t\t\t\t\t<h5><strong>Alejandra Olay Cheu, Presidente<\/strong><\/h5><p class=\"translation-block\">Avvocata, PhD in Diritto Comparato, project manager per progetti europei nei settori dell'energia, dell'imprenditorialit\u00e0, dell'innovazione e del trasferimento tecnologico. Adjunct Faculty member presso la <em>Swiss Business School<\/em>, dove insegna il corso <em>Corporate Social Responsibility &amp; Business Law<\/em> nel programma MBA.<\/p><h5><strong>Santo Mungari, Segretario Generale<\/strong><\/h5><p>Avvocato, Phd in Diritto Contrattuale Europeo. Esperto di diritto d'impresa e diritto amministrativo, con particolare esperienza in appalti pubblici, servizi pubblici locali e relazioni interistituzionali.<\/p><h5><strong>Mario Osorio, Consigliere<\/strong><\/h5><p>Sociologo, PhD in Scienze Sociali, giornalista e corrispondente con oltre 25 anni di esperienza nei media tra Italia e Messico.<\/p><h5><strong>Ana Luc\u00eda Canales, Consigliera<\/strong><\/h5><p>Esperta in marketing strategico e comunicazione internazionale. Ha guidato diversi progetti di espansione aziendale tra Italia e Messico.<\/p><h5><strong>Alessandro Parisi<\/strong><\/h5><p>Commercialista italiano con oltre 30 anni di esperienza, specializzato in fiscalit\u00e0 tra Italia e Messico.<\/p><h5><strong>Leticia Coronado, Consigliera<\/strong><\/h5><p>Pubbliche relazioni e comunicologa. Esperta in relazioni culturali, promozione della letteratura e dialogo interculturale.<\/p><h5><strong>Natiely Hoyos, Consigliera<\/strong><\/h5><p>Avvocato, consulente in materia di corporate governance, compliance e gestione dei rischi. Esperta in contratti messicani ed internazionali.<\/p><h5><strong>Fabrizio Borraccia, Consigliere <\/strong><\/h5><p>Politologo con oltre 15 anni di esperienza come direttore dell'internazionalizzazione delle imprese presso Confindustria Lazio e presso associazioni imprenditoriali europee.<\/p><h5><strong>Ugo Mastelloni<\/strong><\/h5><p>Avvocato specializzato in operazioni di finanza straordinaria, ristrutturazioni societarie, contabilit\u00e0 e operazioni di fusione e acquisizione (M&amp;A), con particolare competenza in IPO e due diligence legale.<\/p>\t\t\t\t\t\t\t\t<\/div>\n\t\t\t\t<\/div>\n\t\t<div class=\"elementor-element elementor-element-3442fed e-con-full e-flex e-con e-child\" data-id=\"3442fed\" data-element_type=\"container\" data-e-type=\"container\">\n\t\t\t\t<div class=\"elementor-element elementor-element-3e82d3a elementor-widget elementor-widget-image\" data-id=\"3e82d3a\" data-element_type=\"widget\" data-e-type=\"widget\" data-widget_type=\"image.default\">\n\t\t\t\t\t\t\t\t\t\t\t\t\t\t\t<img fetchpriority=\"high\" decoding=\"async\" width=\"800\" height=\"552\" src=\"https:\/\/fondazioneitaliamessico.org\/wp-content\/uploads\/2025\/10\/7.jpg\" class=\"attachment-large size-large wp-image-272\" alt=\"\" srcset=\"https:\/\/fondazioneitaliamessico.org\/wp-content\/uploads\/2025\/10\/7.jpg 1000w, https:\/\/fondazioneitaliamessico.org\/wp-content\/uploads\/2025\/10\/7-300x207.jpg 300w, https:\/\/fondazioneitaliamessico.org\/wp-content\/uploads\/2025\/10\/7-768x530.jpg 768w\" sizes=\"(max-width: 800px) 100vw, 800px\" \/>\t\t\t\t\t\t\t\t\t\t\t\t\t\t\t<\/div>\n\t\t\t\t<\/div>\n\t\t\t\t\t<\/div>\n\t\t\t\t<\/div>\n\t\t\t\t<\/div>","protected":false},"excerpt":{"rendered":"<p>Gobernanza y Liderazgo En MEXITALIA contamos con un Consejo de Administraci\u00f3n integrado por profesionales de alto nivel con trayectoria internacional en Derecho, negocios, comunicaci\u00f3n, cultura y relaciones institucionales. Su experiencia garantiza una direcci\u00f3n estrat\u00e9gica s\u00f3lida y una red de contactos de gran valor para cada proyecto. Nuestro Consejo de Administraci\u00f3n Alejandra Olay Cheu, Presidente Abogada, [&hellip;]<\/p>\n","protected":false},"author":1,"featured_media":0,"parent":0,"menu_order":0,"comment_status":"closed","ping_status":"closed","template":"","meta":{"_seopress_titles_title":"","_seopress_titles_desc":"","_seopress_robots_index":"","_seopress_robots_follow":"","_seopress_robots_imageindex":"","_seopress_robots_snippet":"","_seopress_robots_primary_cat":"","_seopress_robots_breadcrumbs":"","_seopress_robots_freeze_modified_date":"","_seopress_robots_custom_modified_date":"","_seopress_robots_canonical":"","_seopress_social_fb_title":"","_seopress_social_fb_desc":"","_seopress_social_fb_img":"","_seopress_social_fb_img_attachment_id":0,"_seopress_social_fb_img_width":0,"_seopress_social_fb_img_height":0,"_seopress_social_twitter_title":"","_seopress_social_twitter_desc":"","_seopress_social_twitter_img":"","_seopress_social_twitter_img_attachment_id":0,"_seopress_social_twitter_img_width":0,"_seopress_social_twitter_img_height":0,"_seopress_redirections_value":"","_seopress_redirections_enabled":"","_seopress_redirections_enabled_regex":"","_seopress_redirections_logged_status":"","_seopress_redirections_param":"","_seopress_redirections_type":0,"_seopress_analysis_target_kw":"","footnotes":""},"class_list":["post-284","page","type-page","status-publish","hentry"],"_links":{"self":[{"href":"https:\/\/fondazioneitaliamessico.org\/it\/wp-json\/wp\/v2\/pages\/284","targetHints":{"allow":["GET"]}}],"collection":[{"href":"https:\/\/fondazioneitaliamessico.org\/it\/wp-json\/wp\/v2\/pages"}],"about":[{"href":"https:\/\/fondazioneitaliamessico.org\/it\/wp-json\/wp\/v2\/types\/page"}],"author":[{"embeddable":true,"href":"https:\/\/fondazioneitaliamessico.org\/it\/wp-json\/wp\/v2\/users\/1"}],"replies":[{"embeddable":true,"href":"https:\/\/fondazioneitaliamessico.org\/it\/wp-json\/wp\/v2\/comments?post=284"}],"version-history":[{"count":36,"href":"https:\/\/fondazioneitaliamessico.org\/it\/wp-json\/wp\/v2\/pages\/284\/revisions"}],"predecessor-version":[{"id":436,"href":"https:\/\/fondazioneitaliamessico.org\/it\/wp-json\/wp\/v2\/pages\/284\/revisions\/436"}],"wp:attachment":[{"href":"https:\/\/fondazioneitaliamessico.org\/it\/wp-json\/wp\/v2\/media?parent=284"}],"curies":[{"name":"wp","href":"https:\/\/api.w.org\/{rel}","templated":true}]}}

<div data-elementor-type="wp-page" data-elementor-id="284" class="elementor elementor-284" data-elementor-post-type="page">
				<div class="elementor-element elementor-element-cfecb3c e-flex e-con-boxed e-con e-parent" data-id="cfecb3c" data-element_type="container" data-e-type="container">
					<div class="e-con-inner">
		<div class="elementor-element elementor-element-1f7e7c7 e-con-full e-flex e-con e-child" data-id="1f7e7c7" data-element_type="container" data-e-type="container">
				<div class="elementor-element elementor-element-831410a elementor-widget elementor-widget-heading" data-id="831410a" data-element_type="widget" data-e-type="widget" data-widget_type="heading.default">
					<h2 class="elementor-heading-title elementor-size-default">Governance e leadership</h2>				</div>
				<div class="elementor-element elementor-element-db9c088 elementor-widget elementor-widget-text-editor" data-id="db9c088" data-element_type="widget" data-e-type="widget" data-widget_type="text-editor.default">
									<p>MEXITALIA dispone di un Consiglio di Amministrazione composto da professionisti di alto livello con esperienza internazionale in Diritto, affari, comunicazione, cultura e relazioni istituzionali. La loro esperienza garantisce una solida direzione strategica e una rete di contatti di grande valore per ogni progetto.</p>								</div>
				<div class="elementor-element elementor-element-eef1ac7 elementor-widget elementor-widget-heading" data-id="eef1ac7" data-element_type="widget" data-e-type="widget" data-widget_type="heading.default">
					<h2 class="elementor-heading-title elementor-size-default">Il nostro Consiglio di Amministrazione</h2>				</div>
				<div class="elementor-element elementor-element-4dbab7b elementor-widget elementor-widget-text-editor" data-id="4dbab7b" data-element_type="widget" data-e-type="widget" data-widget_type="text-editor.default">
									<h5><strong>Alejandra Olay Cheu, Presidente</strong></h5><p class="translation-block">Avvocata, PhD in Diritto Comparato, project manager per progetti europei nei settori dell'energia, dell'imprenditorialità, dell'innovazione e del trasferimento tecnologico. Adjunct Faculty member presso la <em>Swiss Business School</em>, dove insegna il corso <em>Corporate Social Responsibility &amp; Business Law</em> nel programma MBA.</p><h5><strong>Santo Mungari, Segretario Generale</strong></h5><p>Avvocato, Phd in Diritto Contrattuale Europeo. Esperto di diritto d'impresa e diritto amministrativo, con particolare esperienza in appalti pubblici, servizi pubblici locali e relazioni interistituzionali.</p><h5><strong>Mario Osorio, Consigliere</strong></h5><p>Sociologo, PhD in Scienze Sociali, giornalista e corrispondente con oltre 25 anni di esperienza nei media tra Italia e Messico.</p><h5><strong>Ana Lucía Canales, Consigliera</strong></h5><p>Esperta in marketing strategico e comunicazione internazionale. Ha guidato diversi progetti di espansione aziendale tra Italia e Messico.</p><h5><strong>Alessandro Parisi</strong></h5><p>Commercialista italiano con oltre 30 anni di esperienza, specializzato in fiscalità tra Italia e Messico.</p><h5><strong>Leticia Coronado, Consigliera</strong></h5><p>Pubbliche relazioni e comunicologa. Esperta in relazioni culturali, promozione della letteratura e dialogo interculturale.</p><h5><strong>Natiely Hoyos, Consigliera</strong></h5><p>Avvocato, consulente in materia di corporate governance, compliance e gestione dei rischi. Esperta in contratti messicani ed internazionali.</p><h5><strong>Fabrizio Borraccia, Consigliere </strong></h5><p>Politologo con oltre 15 anni di esperienza come direttore dell'internazionalizzazione delle imprese presso Confindustria Lazio e presso associazioni imprenditoriali europee.</p><h5><strong>Ugo Mastelloni</strong></h5><p>Avvocato specializzato in operazioni di finanza straordinaria, ristrutturazioni societarie, contabilità e operazioni di fusione e acquisizione (M&amp;A), con particolare competenza in IPO e due diligence legale.</p>								</div>
				</div>
		<div class="elementor-element elementor-element-3442fed e-con-full e-flex e-con e-child" data-id="3442fed" data-element_type="container" data-e-type="container">
				<div class="elementor-element elementor-element-3e82d3a elementor-widget elementor-widget-image" data-id="3e82d3a" data-element_type="widget" data-e-type="widget" data-widget_type="image.default">
															<img fetchpriority="high" decoding="async" width="800" height="552" src="https://fondazioneitaliamessico.org/wp-content/uploads/2025/10/7.jpg" class="attachment-large size-large wp-image-272" alt="" srcset="https://fondazioneitaliamessico.org/wp-content/uploads/2025/10/7.jpg 1000w, https://fondazioneitaliamessico.org/wp-content/uploads/2025/10/7-300x207.jpg 300w, https://fondazioneitaliamessico.org/wp-content/uploads/2025/10/7-768x530.jpg 768w" sizes="(max-width: 800px) 100vw, 800px" />															</div>
				</div>
					</div>
				</div>
				</div>

<p>Gobernanza y Liderazgo En MEXITALIA contamos con un Consejo de Administración integrado por profesionales de alto nivel con trayectoria internacional en Derecho, negocios, comunicación, cultura y relaciones institucionales. Su experiencia garantiza una dirección estratégica sólida y una red de contactos de gran valor para cada proyecto. Nuestro Consejo de Administración Alejandra Olay Cheu, Presidente Abogada, [&hellip;]</p>
